mber?
False
Suppose 8 = -4*b + j - 2, 0 = b + 4*j - 6. Is 1 - b*788 - 4/(-2) composite?
False
Let l = 3774 - 5397. Let o = -988 - l. Is o prime?
False
Suppose -26*i + 5*r = -30*i + 7666, 0 = 5*i - 3*r - 9601. Is i a composite number?
True
Suppose 17 = 4*s + 69. Let w = 14 + s. Let a(f) = 37*f**2 - f + 1. Is a(w) prime?
True
Let p = -6 - -4. Let z = p + -1. Let i(v) = 16*v**2 - v + 2. Is i(z) prime?
True
Suppose 2*r + 59 = 2*o + 7*r, -2*r = -5*o + 133. Suppose 0 = 25*u - o*u + 388. Is u a prime number?
False
Let r(h) = -h**3 + 4*h**2 - h - 4. Let v be r(3). Suppose -3*l + 4*o + 1131 = v*l, l = -o + 219. Is l a prime number?
True
Let u(g) = 769*g**3 + g - 2. Let x be u(1). Let c = x + -85. Is c a prime number?
True
Suppose c + 3*b = 7840, 2*b - 3*b = -4*c + 31321. Is c a composite number?
True
Suppose -40 = -3*a + a. Suppose 2*l = -2*c + 20, -4*l + a = 4*c - 5*l. Suppose c*i - 3*i - 66 = 0. Is i prime?
False
Let i(y) = 2068*y - 194. Is i(22) a prime number?
False
Let p(l) = 2*l - 1. Suppose -2*k - 2*y = y - 14, -y = -k + 2. Is p(k) a prime number?
True
Is 28349*(8 - (-3 + 10)) a composite number?
False
Suppose 35 = 5*z + 2*s, 0*z + 4*s = 3*z - 21. Suppose 0*m = 2*f + m - z, 5*m = 5*f - 25. Is (-62)/8*(-16)/f a composite number?
False
Let b = 58 - 50. Suppose 1044 = -b*j + 20*j. Is j a composite number?
True
Let u(z) = z + 21. Let x be u(-13). Suppose -x*f + 16 = -6*f. Is 239/3 + f/(-12) composite?
False
Let m(u) = -71*u**2 + 9*u - 1. Let k be m(5). Is (-5 - -3)/(2/k) composite?
True
Let a(t) = -159*t - 2. Suppose 0 = 4*y + 8. Let d be a(y). Suppose z = -3*z + d. Is z prime?
True
Let t(w) = 6*w + 2. Let c be t(-4). Let o be 7/(-14) + c/4. Is ((-62)/(-5))/(o/(-30)) a composite number?
True
Let d(b) = -232*b - 5. Let w(i) = 77*i + 2. Let m(t) = -t**3 - 5*t**2 - 3*t - 2. Let f be m(-3). Let y(u) = f*w(u) - 4*d(u). Is y(11) a prime number?
False
Suppose 0 = -3*v + q + q + 19, 0 = -q - 2. Suppose -4*k - k + 39525 = -2*w, 5*w + 39540 = v*k. Is k a prime number?
False
Let o(x) = x**3 + 4*x**2 + 5*x + 4. Let g be o(-2). Suppose -g*f = 5*h + 74, 4*f + 50 = -3*h - 0*h. Let v(b) = b**2 - 7*b + 1. Is v(h) prime?
False
Let j = 4829 - 3208. Is j a prime number?
True
Let a(y) = 400*y**2 + 24*y + 61. Is a(-11) a composite number?
False
Let z be -1 - (3442/(-1) + 1 + -2). Suppose -2*o - y = -3*o + 690, z = 5*o + 3*y. Is o a composite number?
True
Suppose 3*a = 3*j + 2241, -1 = 3*j + 2. Suppose c - 1127 = -3*l, -2*l + 2*c - 4*c = -a. Is l composite?
True
Suppose 4*n + 26708 + 104392 = 4*g, 4*g - 2*n = 131092. Is g prime?
True
Suppose -3*y + 2*a + 33 = 3*a, 2*y + 2*a - 18 = 0. Let r be y/(-54) + 472/18. Let u = 87 + r. Is u a prime number?
True
Suppose -4*z + 3 = 3. Let y(d) be the first derivative of d**4/4 + d**3/3 + 79*d - 2. Is y(z) prime?
True
Suppose -r + 2*i = -924, 4*r - 3672 = -2*i - 2*i. Let a = -363 + r. Is a composite?
False
Let q = -267 + 431. Let n be 123/6*(0 - -18). Let f = n - q. Is f composite?
True
Is 2/(-4)*-8 - (-23820)/4 prime?
False
Let l(k) = 138*k - 13. Suppose 5*o = 5*z + 50, -2*o + z - 14 = -5*o. Is l(o) a prime number?
False
Let i be 31497/6*(-5 + 7). Suppose 0 = -4*w + 3*s + 8399, -5*w + i = -0*s - 4*s. Is w a composite number?
False
Suppose 0 = 5*x - 15, -2*y - 2*x + 22 = 0. Let p = y + -10. Is p/5 - 9054/(-10) a composite number?
True
Let u = 3424 + -1169. Suppose -8*n - u + 14727 = 0. Is n prime?
True
Suppose 732 = -8*r + 12*r. Let y = r + 148. Is y prime?
True
Let r(w) = 2*w**3 - 12*w**2 + 3*w - 11. Suppose -3*s = 4*j + s - 24, -4*s = -3*j + 32. Is r(j) composite?
False
Let a = 44555 - 29972. Is a a prime number?
False
Let r = -5 - -3. Is ((-331)/r)/((-3)/(-6)) a prime number?
True
Let l(h) = 16*h**2 + 15*h - 29. Let d(y) = 3*y**2 + y + 1. Let v be d(-1). Let p(a) = 5*a**2 + 5*a - 10. Let o(f) = v*l(f) - 8*p(f). Is o(-6) composite?
False
Let m = 17059 - 10086. Is m prime?
False
Is (1 + 23242/(-8))*192/(-16) a prime number?
False
Let x(l) = -l**2 - 8*l - 10. Let u be x(-7). Is (4 - -1376) + (3 + 0)/u a prime number?
False
Suppose -3*p = 6 - 15. Suppose 2*y - 189 = -5*o, 5*y = p*o + 2*o - 175. Let a = 40 + o. Is a composite?
True
Suppose 4*y = 3*r - 46, 2*r - 5*r = 2*y + 14. Let w be (15/y)/((-3)/4). Is (w - 0)*(3 + 488) a prime number?
False
Let u(r) = -148*r + 57. Is u(-4) a composite number?
True
Let s(h) = 6*h - 6. Let u be s(10). Let d = 29 - u. Is d/10*29*-2 prime?
False
Let r = 4004 + 19809. Is r a composite number?
False
Let a be (3/9)/(2/(-15))*-20. Let b = 109 - a. Is b composite?
False
Let r(y) = -y**2 + 14*y - 4. Let x be r(12). Suppose 2*q - 3 = 3*q - 2*t, -5*t = -5*q - x. Is 34 - (3 + q - -5) a composite number?
False
Suppose 5*u = 3*d - 45163, 2*u + 124184 = 5*d + 48887. Is d a prime number?
True
Is (-5908056)/(-330) + 1/(-5) composite?
False
Let y(f) = -8*f**2 - 9*f + 7. Let i(u) = -15*u**2 - 18*u + 13. Let x(r) = -4*i(r) + 7*y(r). Is x(-11) a composite number?
True
Let k = 435 + -206. Suppose 3*r = -3*f + 749 + k, -5*f + 4*r = -1675. Is f a composite number?
False
Suppose 3*c - 4*c = 6. Let n = -6 - c. Let p(w) = w**2 + 521. Is p(n) prime?
True
Suppose -5*f + 45 = -3*l, -2*f + 2 = l + 2*f. Let h = 5 - l. Suppose 3*s - h = 48. Is s composite?
True
Is ((-2)/(-4))/(2/(-20)) + 8892 composite?
False
Let g(z) = 23*z**3 + 2*z**2 + 33*z - 149. Is g(5) composite?
True
Let b(v) = v**3 - 11*v**2 - 4*v + 7. Let n(m) = -m**3 + 5*m**2 - 4*m + 7. Let i be n(3). Is b(i) a composite number?
False
Let g = -26 - -12. Is 3833 + -2 - (-12 - g) prime?
False
Let s(p) = -p**3 + 15*p**2 + 16*p + 6. Let u be s(16). Is (u - 4)*-2 + 61 a prime number?
False
Suppose 0 = 4*v + 12, -2*y = 19*v - 16*v - 4349. Is y composite?
False
Suppose -3*p - 2*z + 1816 = -11829, p = -4*z + 4555. Is p a composite number?
False
Suppose 8*m - 4704 + 2896 = 0. Is m a composite number?
True
Let x = 11 + -6. Let k be -2*(-14 + 6/(-3)). Let a = k + x. Is a a prime number?
True
Let o(d) = -d**3 - 8*d**2 + 9*d + 2. Let s = -17 - -8. Let i be o(s). Suppose -3*h + 4*u = -255, i*h - 2*u + 7*u = 193. Is h prime?
True
Suppose 3*g + 2*o = 7504, -2*g = -4*o - 5809 + 833. Is g a prime number?
False
Let u(f) = -f**3 + 2*f**2 - 1. Let m be u(1). Suppose m = 17*k - 14*k - 807. Is k a prime number?
True
Suppose -4*y - 6 = -26. Suppose -520 - 60 = -y*c. Suppose -206 = -2*t + c. Is t prime?
False
Let m = -72 - -60. Let g(n) = -2*n**3 + 7*n**2 - 11*n + 25. Is g(m) a composite number?
False
Let f(y) = 82*y**3 + y**2 + 3*y + 7. Let j(m) = m**3 + 1. Let h(x) = -f(x) + 4*j(x). Is h(-1) a composite number?
True
Let r be ((-1)/4)/(1/(-4)). Is (1147/4 + r)*4 prime?
True
Let y(j) = 696*j + 17. Let c be y(-10). Let b = c - -12020. Is b a prime number?
True
Let g = 21899 + 17850. Is g composite?
False
Let u(f) = -f + 4. Let a be u(0). Suppose i - 5*k - 1277 = -i, 2518 = a*i + 2*k. Is i a composite number?
False
Let k be (-31)/(-11) + (-4)/(-22). Suppose 0 = j - k*l - l - 51, -5*j + 255 = -5*l. Is j a prime number?
False
Let s(f) = 3*f**3 - 4*f**2 - 4*f + 3. Let i be s(4). Suppose 3*k + 273 = -2*v, -3*k - i = v + 20. Let l = 279 + v. Is l a composite number?
True
Is 17110/16 + 33/(-88) a composite number?
False
Let h = -799 - -87. Let k = h + 1550. Suppose c + c = k. Is c a prime number?
True
Let d be ((-3)/6 - -2)/((-9)/(-456)). Suppose v - 5*g - 12 = 0, v + 5*g = -0*v - 8. Suppose -c + j + d = -v*j, 125 = 2*c + 3*j. Is c prime?
True
Let z(b) = 246*b**2 - 6*b - 85. Is z(12) composite?
False
Let a = 67 + -64. Suppose -a*r - f + 2013 = -r, -4*f + 4016 = 4*r. Is r prime?
True
Let r = 2517 - 1625. Let v = r + -271. Let i = -386 + v. Is i a composite number?
True
Let s(a) = -a**3 - 40*a**2 + 51*a - 3. Is s(-47) composite?
False
Suppose -x - 5*w - 28 = 0, -2*x + 3*w - 224 = 3*x. Let c = 108 + x. Is c a composite number?
True
Suppose -3*z - 2*z = 20. Is (z/18 - 56286/(-324))*6 a composite number?
True
Suppose -17*k = k + 36. Let a(l) be the second derivative of 4*l**4/3 + 2*l**3/3 - l**2/2 + l. Is a(k) composite?
True
Let c be ((-18)/4)/((-1)/58). Let g = 2339 - 2338. Suppose c = t - k, g = -k - 1. Is t prime?
False
Let d(m) = 2*m**2 + 5*m - 4. Let t be d(-8). Let c = -45 + t. Suppose 3*w + 2*j + j = c, 5*j = -2*w + 32. Is w a prime number?
True
Let n(i) = -i**3 + 30*i**2 + 95*i + 45. Is n(29) a c